actors of d?
2, 3
Suppose w = -3, 0*w = 4*o - 3*w - 173. Let a = o + 1. List the prime factors of a.
2, 3, 7
Let m(y) be the first derivative of 2 + 1/3*y**3 - 3*y - 3*y**2. List the prime factors of m(8).
13
Suppose 0*q - q = 0. Suppose 3 = -r, q = 2*f + r + 84 - 281. Suppose -f = -0*b - 4*b. What are the prime factors of b?
5
Suppose 2*y + 5*y = -7. What are the prime factors of (3/(-1) - y) + 64?
2, 31
Let s be 1 - ((-2 - -4) + -3). Suppose -3*b - 3*w + 5 = -1, s*b - 3 = -3*w. Suppose 5*k + 5*i - 45 = 0, b*i - 1 = k + 2. What are the prime factors of k?
2, 3
Suppose 2*n + u = 991, n - 658 = -u - 161. What are the prime factors of n?
2, 13, 19
Suppose -1883 = -9*v + 718. List the prime factors of v.
17
Suppose 0 = 5*t + 2*m + 49, 0*t = 4*t + 5*m + 46. Let v(w) = w + 15. Let r be v(t). Suppose -350 = -r*q + 52. List the prime factors of q.
67
Suppose -5*i + 3*x + 8627 = 0, -2*i - 480 = -5*x - 3927. List the prime factors of i.
2, 863
Let a = 73 + 247. What are the prime factors of a?
2, 5
Suppose -39 = -4*s - j, 0 = -4*s - 0*s - 5*j + 35. Let y be -1 - (-3)/2*14. List the prime factors of 19*2 + y/s.
2, 5
Suppose 5*w = 2*z + 7405, 0 = -5*w + 3*z + 10663 - 3263. List the prime factors of w.
1483
Let l be -3*(-7816)/36*3/2. What are the prime factors of l/5 + 12/20?
2, 7
Let y(u) = u**2 - 9*u + 13. Let o be y(8). Let k = o + -7. What are the prime factors of (k*15)/((-4)/2)?
3, 5
Let m(q) = 72*q**2 - 4*q + 2. Let a be m(1). Suppose -265 = -5*h + a. List the prime factors of h.
67
Suppose -4*a - 207 = -5*f - 6076, 4*f + 7325 = 5*a. List the prime factors of a.
3, 487
Let v(r) = -688*r**3 - r**2 - 18*r - 16. List the prime factors of v(-1).
13, 53
Suppose -3*n - 3*g + 1263 - 342 = 0, 302 = n + 2*g. Suppose -3*b + 6*b = -5*t + n, 0 = t - b - 64. List the prime factors of t.
3, 7
Suppose -4*q + 23 = -1. Let t(y) = -2*y**2 + 4*y - 12. Let j(z) = 6*z**2 - 12*z + 35. Let u(d) = q*j(d) + 17*t(d). What are the prime factors of u(4)?
2, 11
Suppose 5*m = -741 - 219. Let p be -3 - (m - 3 - -2). Suppose 4*z - 2*q - p = -q, z + 3*q = 41. What are the prime factors of z?
47
Suppose 0 = -4*z - 4, -20 = -0*a - 2*a - 4*z. List the prime factors of -1 + a/10 + (-2794)/(-55).
3, 17
Suppose 0 = 4*o + 23*f - 24*f - 8292, -4*f = 0. What are the prime factors of o?
3, 691
Let r = -44 + 69. Let h = r - -24. What are the prime factors of h?
7
Let g(y) = -y**3 + 39*y**2 + 79*y + 233. What are the prime factors of g(41)?
2, 5, 11
Let o(h) = h + 7. Let u(k) = 1. Let m(p) = -o(p) + u(p). Let x be m(-2). Let n(f) = f**2 - 2*f - 13. What are the prime factors of n(x)?
11
List the prime factors of (95/38)/((3/(-682))/(-3)).
5, 11, 31
Suppose 5*p + 428 = 2*z, 4*z = 9*z - 2*p - 1049. What are the prime factors of z?
11, 19
Let i be (21/(-4))/(12/(-112)). Let u = i - 23. List the prime factors of u.
2, 13
Let p = 571 + -431. What are the prime factors of p?
2, 5, 7
Let z(w) = -2*w**3 - 105*w**2 - 5*w + 157. List the prime factors of z(-53).
3, 359
Suppose 139*r = 130*r + 1251. What are the prime factors of r?
139
Let n(w) = w**3 + 72*w**2 + 67*w - 138. What are the prime factors of n(-70)?
2, 11, 113
Let r = 52 - -177. What are the prime factors of r?
229
Let m = -13 + 210. List the prime factors of m.
197
Suppose 0 = -3*g - 5*q + 254, g - 92 = q - 10. Suppose -4*n = -3*n - g. List the prime factors of n.
83
Suppose 0 = 5*a - 411 - 629. Suppose t - a = 3*t. Let i = -64 - t. List the prime factors of i.
2, 5
Let b = 15 + 3. Suppose 4 = -7*z + b. Suppose z*t + 8 = 0, -q - 210 = -4*q - 3*t. What are the prime factors of q?
2, 37
Let p be -1 + (-3)/(-1) + 1. Let d(v) = 19*v + 7. What are the prime factors of d(p)?
2
Let v(z) = 3*z + 14. Let r be v(-7). Let p = r - -42. Suppose p = 3*c - 124. What are the prime factors of c?
53
Let m(b) = 1502*b**2 + 11*b + 4. List the prime factors of m(1).
37, 41
Suppose -2*o + 485 = 5*g - 0*g, 5 = -o. What are the prime factors of g?
3, 11
List the prime factors of (1953/372)/((-6)/(-1208)).
7, 151
Let k = -10 + 13. Suppose k*a + a = 16. Suppose 113 = a*o - 79. What are the prime factors of o?
2, 3
Let u(j) = j**2 + 5*j + 75. Suppose -4*m + 3*m = 0. List the prime factors of u(m).
3, 5
Suppose 0 = -2*v + 1 + 1. Let t be 1*(v + (-3 - -2)). Suppose 3*x = t, -4*s - x = 4*x - 20. List the prime factors of s.
5
Let v = 145 - 58. Suppose 3*n + 24 = v. What are the prime factors of n?
3, 7
Let c = 1636 + -1045. List the prime factors of c.
3, 197
Suppose 11*m - 3*y = 10*m + 1128, -4*y = -20. What are the prime factors of m?
3, 127
Let j(p) = -2 - 6 + p - 5*p**2 + 4*p**2 - 9*p. Let r be j(-6). Suppose -108 = -r*m - 4*s, 45 + 20 = 3*m - s. List the prime factors of m.
23
Suppose -2*p = 4*p - 12. What are the prime factors of p + 58 + 0/(-1)?
2, 3, 5
Suppose -5*x - 45 = -8*x. Suppose -5*h = -5*s - x, -s - 4*h + 6 = -3*s. What are the prime factors of 0/s - (-1 - 5)?
2, 3
Suppose 2 = 5*x - 6*x. What are the prime factors of (-1)/((-1)/3) - (-100 - x)?
101
Let i = -50 + 71. Let c = i - 4. Let k = 39 - c. What are the prime factors of k?
2, 11
Suppose -12240 = -11*w + 7*w + 4*o, 0 = o - 3. List the prime factors of w.
3, 1021
Let g(h) = h**2 - 1. Let m(a) = 5*a**3 + 4*a - 5. Let c(d) = -4*g(d) + m(d). List the prime factors of c(3).
2, 5, 11
Let r = 9595 + -6190. What are the prime factors of r?
3, 5, 227
Let f = 36 - 24. Suppose 2*p - 222 = -f. List the prime factors of p.
3, 5, 7
Let t be 403/65 - 2/10. Let a(d) = d**2 + d + 12. List the prime factors of a(t).
2, 3
Let w(h) = 29*h**2 - 5*h. Let o be w(3). Suppose -g + o + 46 = 4*t, 4*g + 272 = 4*t. List the prime factors of t.
2, 3
Suppose -5*w + 3*b - b - 6 = 0, -w + 2*b - 6 = 0. Let r = w - -96. List the prime factors of r.
2, 3
Let v(t) = -t**2 + 66*t - 67. List the prime factors of v(27).
2, 17, 29
Let z be 3/(-2)*22/(-11). Suppose -2*g + z*r + 11 = 0, r - 3*r = -2. What are the prime factors of g?
7
Let k = 15 + -8. Suppose k*j - 6 = 8. Suppose -4*q - 2*o + 3 = -15, -5*q + 27 = -j*o. List the prime factors of q.
5
Suppose -5*z = -4*h - 595, 221 = 2*z - 18*h + 13*h. What are the prime factors of z?
3, 41
Let t(q) = 23 - 22 - 25 + 44*q. List the prime factors of t(8).
2, 41
Suppose 3*q = 5*q. Let a be q + 6 + 2/(-1). Suppose -2 = -a*h + 6. List the prime factors of h.
2
Let y be ((-2)/(-2) - 0)*(-168)/24. Let u(g) be the first derivative of 2*g**3/3 + 11*g**2/2 + 7*g - 1. List the prime factors of u(y).
2, 7
Let d be 76/16 + (-6)/8. Suppose d*t - 47 = 2*s + 25, -s = -t + 16. List the prime factors of t.
2, 5
Let h be -2 - 3/(-6)*10. Let y = 2 - h. What are the prime factors of ((-32)/(-6))/(y/(-3))?
2
Suppose -2*a + 159 = 5*h, 3*h - 165 + 51 = 5*a. Suppose 0 = w - 3*p - 38 - h, -p - 5 = 0. List the prime factors of w.
2, 7
Let d = -10 - -23. Let i = 170 + 28. Suppose 16*r - i = d*r. List the prime factors of r.
2, 3, 11
Let p(n) be the third derivative of 0*n + 0 - 5/24*n**4 + 9*n**2 - 3/2*n**3. List the prime factors of p(-7).
2, 13
Let q be (1 - 2)/((-2)/10). Suppose q*o - 4*g - 463 = 116, 361 = 3*o + g. Let w = -73 + o. List the prime factors of w.
2, 23
Let c = -12 - -8. Let g be (-1 - (-147)/(-12))*c. Let n = -30 + g. List the prime factors of n.
23
Let s = 5 + -40. Let j = s + 64. Let m = j - 15. List the prime factors of m.
2, 7
Let n(k) = -10*k + 4. Let w be n(-5). Let r = w + 61. What are the prime factors of r?
5, 23
Let f(d) = 70*d**2 - 56*d + 24. What are the prime factors of f(5)?
2, 3, 83
Suppose -11*p = -5*p - 1122. Let s = p - 88. What are the prime factors of s?
3, 11
Suppose -5*b = f - 7 - 38, -b - 2*f + 18 = 0. Suppose -2*k = -b*k + 1422. List the prime factors of k.
3, 79
Let x(w) = 43*w**2 - 8*w + 3. List the prime factors of x(5).
2, 3, 173
Suppose -2*a + 5 = 3*j, -2*j = -5*a + 3*a - 10. What are the prime factors of ((-150)/(-45) + (-1)/j)*7?
3, 7
Suppose -4*w + 403 + 215 = -2*v, 2*w - 289 = -3*v. List the prime factors of (-132)/(-22)*(w/6 + 0).
2, 19
Let s(n) = 13*n**2 + 24*n - 111. List the prime factors of s(13).
2, 11, 109
Suppose 18*o - 24*o = 0. Suppose -175 = -o*x - x. List the prime factors of x.
5, 7
Suppose 0 = 4*i - 1024 - 80. What are the prime factors of i?
2, 3, 23
Let f(s) = -4*s + 53 + 12*s - 4*s + 10*s. List the prime factors of f(15).
263
Suppose 2*d + 41 = 4*